tor of p(r)?
True
Let v = 4261 + -1677. Is 19 a factor of v?
True
Let b(r) be the first derivative of r**3/3 - 7*r**2/2 + 3*r - 13. Let d be b(6). Is 14 a factor of (-134)/(-10) + ((-27)/15)/d?
True
Let f(l) = 2*l**2 - 127*l - 138. Is 12 a factor of f(67)?
False
Suppose 6*l - 2*n - 230 = 2*l, 4*l - 5*n - 227 = 0. Suppose -3*j = -68 - l. Suppose f + j = 146. Is 13 a factor of f?
True
Let n(z) = 6*z**2 + 10*z - 4. Let y be n(5). Suppose 0 = 20*c - 13*c - y. Is 18 a factor of c?
False
Let n(i) be the third derivative of i**4/12 - 2*i**2. Let x be n(1). Suppose x*y + 3*l = 133, 4*l - 2*l = -2*y + 138. Is y a multiple of 25?
False
Let i = -31 - -31. Let b be 70 + -4 + 3 + 2. Suppose -b = -i*y - y. Is 16 a factor of y?
False
Suppose 0 = -104*w + 106*w - 5076. Is w a multiple of 9?
True
Is 107376/32 - (-3)/(-6) a multiple of 6?
False
Let c(s) = -1966*s**3 + 3*s**2 + 7*s + 6. Is c(-2) a multiple of 38?
True
Let x be (216/(-20))/((-2)/5). Suppose -y = x - 28. Is (-118)/(-6) - y - 3/(-9) a multiple of 19?
True
Let f(b) = 59*b + 66. Let z = -320 - -329. Does 13 divide f(z)?
False
Let h = 8 + -8. Suppose 8*j - 4*j - 2*d - 990 = h, -3*d = 9. Suppose -10*n + 8*n - 3*f = -130, f = 4*n - j. Is 9 a factor of n?
False
Let y(b) = 28*b**2 + 300*b - 22. Does 36 divide y(8)?
False
Suppose -2487 - 1077 = 36*k. Is 42 a factor of (-5134)/(-4) + k/66?
False
Let q(r) = -9*r + 78. Let w be q(7). Suppose -w*s + 2177 = -1648. Does 25 divide s?
False
Let y(c) be the second derivative of c**3/6 + c**2/2 + 16*c. Let v(u) = 20*u. Let l(j) = -v(j) - 2*y(j). Is l(-3) a multiple of 36?
False
Suppose -7*b = -1 - 20. Suppose 0 = 5*l - 5*k - 495, -k + b*k = 5*l - 510. Does 8 divide l?
True
Suppose -63800 = -88*q + 68*q. Is q a multiple of 58?
True
Is 38 a factor of -11 + -7 + 935 - (3 - -2)?
True
Let a = 4953 + -5198. Let t(n) = -58*n**3 - 2*n**2 - 3*n. Let y be t(-2). Let m = y + a. Is m a multiple of 31?
True
Let r = -165 + 166. Does 21 divide (-4)/r + (-3)/(24/(-1208))?
True
Let x(i) = 13*i + 84. Let v = 131 - 106. Does 34 divide x(v)?
False
Let d(x) be the first derivative of 5*x**3 - 7*x**2/2 - 54*x - 88. Does 33 divide d(-7)?
False
Suppose -70*n = -717472 - 312508. Is 8 a factor of n?
False
Let q = 13620 - 2819. Is 70 a factor of q?
False
Suppose -3*i - 108 = i - 5*z, i + 2*z = -14. Let f(s) = s**2 + 20*s + 120. Is f(i) a multiple of 41?
True
Let k(n) = -25 + 11*n + 4 + 1 - n**2. Let w be k(10). Is (-6)/w - 8388/(-45) - -4 a multiple of 20?
False
Suppose 131*x - 109604 = 25*x. Is x a multiple of 94?
True
Let v(z) be the third derivative of z**4 - 67*z**3/3 - 73*z**2. Is 6 a factor of v(16)?
False
Suppose 5*x + o - 12665 = -4*o, -4*x = 2*o - 10142. Does 30 divide x?
False
Suppose -123 = -34*t - 21. Is 12 a factor of (-388)/t*189/(-84)?
False
Let c = 42 + -38. Suppose -55*h + c = -51*h. Is (-2382)/(-36) - h/6 a multiple of 11?
True
Suppose 707 = 4*a + 151. Let m = a + 141. Is m a multiple of 8?
True
Suppose 0 + 1 = g. Let q(f) = -9*f**2 + 3*f + 11*f**2 - g + 3*f. Does 5 divide q(-5)?
False
Let v(z) = 210*z**2 - 2*z - 1. Let g = -49 + 50. Is 11 a factor of v(g)?
False
Let t(p) = 3*p**3 + p + 3600. Let z be t(0). Suppose 0*u - 16*u + z = 0. Does 36 divide u?
False
Let h be 75/(-125)*(-246 - -1). Let y = h - 21. Is 21 a factor of y?
True
Suppose 4*q + 4*b = 63500, -4*q = 75*b - 76*b - 63480. Does 185 divide q?
False
Let f be 2*57/2*(-497)/(-213). Is 522 + ((-10)/14)/((-19)/f) a multiple of 17?
True
Let n(i) = 2*i**2 + 77*i + 502. Does 45 divide n(-75)?
False
Let f be (6 + (-174)/24)/(1/(-4)). Does 5 divide f - (-210)/(36/6)?
True
Suppose 5*t = 10*j - 6*j - 89, 3*j - t - 53 = 0. Suppose 18*u - j*u - 664 = 0. Is 37 a factor of u?
False
Let v be 1560/(-150)*175/(-2). Suppose -3*j + v = -5*m, 4*j - m = 1288 - 103. Is j a multiple of 41?
False
Is (20 + -455 + -15)*-8 a multiple of 20?
True
Let i = 413 - 410. Suppose 0 = -i*n + 130 + 2744. Is n a multiple of 43?
False
Suppose 6*d = 8*d + 5*z - 1759, -5*z + 3513 = 4*d. Is 16 a factor of d?
False
Let j(r) = r**3 - 9*r**2 - 22*r + 16. Let s be j(11). Suppose 0 = -d + 5*m + 412, -s*d + 785 = -14*d + 3*m. Is d a multiple of 27?
False
Suppose 3*y = 4*t + 466, -5*t + 1 - 6 = 0. Let k be y/7 + (-1 - -4). Suppose -24*g + k*g = 177. Does 16 divide g?
False
Let n = 16218 + -16291. Suppose -r - 5*v - 87 = -2*r, 5*v = -5*r + 495. Let w = r + n. Does 12 divide w?
True
Let k be 58 - (30/3 + -4). Suppose k*d - 13583 = 35*d. Is d a multiple of 24?
False
Suppose -1267 = -7*x + 35154. Suppose 0 = -19*d + 14*d + 4*l + 6501, 4*d - l = x. Is d a multiple of 90?
False
Suppose 0 = -13*p + 6*p + 231. Let m = p - 39. Is (-4*m/(-72))/((-1)/195) a multiple of 17?
False
Suppose v - 111 = -0*v. Let h be 38/(-1 - (-3)/2). Let f = v - h. Does 3 divide f?
False
Let d(a) = 13*a + 289. Let g = 259 - 236. Is d(g) a multiple of 12?
True
Let d(f) = -f**3 + 17*f**2 + 24*f - 8. Let b be d(20). Is 9/(((-147)/b)/7) a multiple of 13?
True
Suppose a - 1283 = -s, -4697 = -5*a + 2*s + 1739. Is 3 a factor of a?
False
Does 55 divide 88230/16 - (-4 - (-1190)/272)?
False
Suppose 11712 - 98472 = -24*u. Does 17 divide u?
False
Suppose -74*g + 64*g + 1780 = 0. Let x = 9 + g. Does 36 divide x?
False
Let w(b) = 3*b**2 + 5*b - 3. Suppose 4*p - 2 = 3*p. Let d be (6 - (-3 - -3))/p. Is 13 a factor of w(d)?
True
Let t(s) = 388*s**3 - 68*s**2 + 247*s. Is t(4) a multiple of 36?
True
Let b be (6/(-2) - 5)*2/4. Let m = 11 + -3. Does 11 divide (194/m)/((-1)/b)?
False
Suppose 54 = -35*s + 26*s. Is 6 a factor of (-1137)/s - (-8)/(-16)?
False
Suppose 7*w - 21 = 91. Suppose 8820 = -4*v + w*v. Is v a multiple of 49?
True
Suppose 151*k + 15588 - 1307393 = 0. Does 59 divide k?
True
Suppose 2*d + d = -1653. Let k = d + 386. Let n = k - -317. Is n a multiple of 14?
False
Let t be (-6 + 4)*(-249)/6. Suppose y - 4*r + r = t, -130 = -2*y - 3*r. Is 71 a factor of y?
True
Let h = 627 - -2893. Does 12 divide h?
False
Let j(g) = -31*g**2 + 2*g**3 + g**3 - 5*g**3 + 12*g + 0*g**3 - 19. Does 9 divide j(-16)?
True
Suppose 14*d - 15 = 9*d. Suppose -5*v + 8 = -4*w, -3*v - 3*w + 18 = -d. Suppose v*z - 9*z + 150 = 0. Is z a multiple of 6?
True
Is 9344 - 11/((-143)/52) a multiple of 15?
False
Let y = 566 + -566. Suppose 1010*r - 1008*r - 300 = y. Is r a multiple of 15?
True
Suppose -2*p = -3*f - 38306, -f = p + 3*f - 19186. Is 143 a factor of p?
True
Suppose 0 = -6*t - 11 + 5. Is t - ((-2)/(-2))/((-7)/4627) a multiple of 16?
False
Let i(r) = 37*r**2 - 28*r - 40. Is i(11) a multiple of 22?
False
Suppose -4*y + 10 + 2 = 0. Let m be (5 - -2)*y/1. Suppose m*h = 24*h - 51. Is h a multiple of 6?
False
Let n = -1674 + 4004. Is n a multiple of 5?
True
Suppose -1179*v = -1166*v - 25168. Is 16 a factor of v?
True
Suppose 10*m + 10*m - 8040 = 0. Suppose -4*g = -7*y + 2*y + m, 4*g = y - 90. Is y a multiple of 39?
True
Let x be 1 + (20/4)/(-5). Suppose x = 13*c - c - 720. Does 20 divide c?
True
Suppose 5*g - 16*s + 13*s - 25 = 0, -4*s = -4*g + 12. Suppose -g*u = u - 1026. Is u a multiple of 3?
True
Does 4 divide (-274454)/(-328) + (-2)/(-8)?
False
Suppose -55 = -8*t + 1. Suppose -3*s - 2757 = -t*a + 4*a, 0 = -5*a - 3*s + 4555. Does 14 divide a?
False
Suppose -5*q - 3*g = -267, -4*q + 0*g + 217 = -g. Suppose 7*n = n + q. Is 21 a factor of 572/12 - (6/n + 0)?
False
Let c(j) = 11*j - 5. Let m be c(1). Suppose 0 = -w - s + 112, -5*s + m*s + 116 = w. Let p = w + 40. Does 11 divide p?
True
Let c(s) = 22*s**2 - 13*s - 15. Let h be 0 - (3 + 6/(-3))*5. Does 15 divide c(h)?
True
Let j(d) = -d**3 + 74*d**2 + 153*d + 156. Is j(70) a multiple of 13?
False
Let u be 17/(5 - 4) - -4. Suppose 2*h - 6 = 2*b, h + 3*b - u + 10 = 0. Suppose -3*z - 187 = -h*z - 3*i, -i = -4*z + 339. Is z a multiple of 33?
False
Let s = -442 - -442. Suppose s = 26*q - 13*q - 1053. Is 2 a factor of q?
False
Suppose -24 = -4*j - 8. Let w(u) = 5*u**3 + u**2 - u + 13. Let q be w(j). Let g = q + -192. Is 31 a factor of g?
False
Suppose i = -5*i + 42. Let f = i + 8. Does 15 divide (-1)/(-1) + f - 1?
True
Suppose -98*d - 140 = -103*d. Is 1316*-12*(-2)/d a multiple of 12?
True
Let z = 1090 + -2368. Let m = -679 - z. Does 27 divide m?
False
Suppose -4*l - 5 + 93 = -x, 0 = -4*x + 16. Let j(b) = -b**3 - 45*b**2 - 38*b + 257. Let w be j(-44). Let y = l - w. Is y a multiple of 15?
True